reds digit of r?
0
Suppose 2280 = 3*m - 4*x, 2*m + x - 1520 = -0*x. Suppose -5*y + 4*y = 4*b - 244, -3*y + 2*b + m = 0. What is the hundreds digit of y?
2
Suppose -11*y + 82356 = 55*y - 181776. What is the tens digit of y?
0
Let g(t) = -t**3 - 5*t**2 - 8*t + 9. Suppose 138 - 383 = 7*f. Let z be 14/f + (-66)/10. What is the units digit of g(z)?
3
Let p(z) = 17*z**3 + 27*z**2 + 3. Let x(n) = -8*n**3 - 14*n**2 - 1. Let q(h) = 4*p(h) + 9*x(h). What is the units digit of q(-8)?
9
Let q(c) = 139*c**2 - 50*c - 18. What is the units digit of q(-11)?
1
Let s(z) = 43*z**2 + 3*z - 10. Let b be s(2). Let y = -37 + b. What is the hundreds digit of y?
1
Let j(a) = -a**3 + 2*a**2 - a + 3. Suppose b - 4*b = -6. Let h be j(b). What is the tens digit of 5994/185 + (-7)/5 + h?
3
Let l(h) = 84512*h**2 - 63*h + 35. What is the units digit of l(1)?
4
Let a be (-1)/3*(-6)/(-4)*-2. What is the units digit of (-3)/2*(3/a - 139)?
4
Suppose 28*r - 10*r + 256088 = 35*r. What is the ten thousands digit of r?
1
Suppose -15*x = 53851 - 171211. What is the hundreds digit of 3 + (x/4)/6?
3
Let t(p) = 22*p - 4. Let w be t(7). What is the tens digit of 11/22*(w + 0)?
7
Suppose -9*z - 879 = 885. Let m = 350 + z. What is the hundreds digit of m?
1
Let x = 34 + -34. Suppose 3*j - 2*w + 160 + 125 = x, -5*j - 3*w - 456 = 0. Let q = j - -134. What is the tens digit of q?
4
Let m(u) = 4*u**2 + 7*u - 34. Suppose -4*s - 56 = 3*f + s, -40 = 4*f - 2*s. What is the hundreds digit of m(f)?
4
Let z = -806 - -808. What is the units digit of (-23)/((-161)/8386) + (1 - z)?
7
Let p(m) = -2*m**3 - 21*m**2 - 29*m + 44. Let c(u) = 6*u**3 + 62*u**2 + 86*u - 133. Let q(z) = -3*c(z) - 8*p(z). What is the tens digit of q(-10)?
0
Let t = 38 - 94. Let p = 52 + t. Let u(q) = -5*q - 2. What is the units digit of u(p)?
8
Let r = 1154 - -3000. What is the thousands digit of r?
4
Let x(z) = z**3 + 37*z**2 - 131*z + 76. What is the tens digit of x(-35)?
1
What is the hundreds digit of -2 + (-72)/(-33) - (-9747981)/1023?
5
Let o(d) be the second derivative of -2*d**3 - 90*d**2 - d - 25. What is the units digit of o(-18)?
6
Let a = 15553 + -4950. What is the thousands digit of a?
0
Suppose 50*a + 108069 = 29*a + 34*a. What is the units digit of a?
3
Suppose 5*z = 175*z - 629510. What is the hundreds digit of z?
7
Suppose -2*p - 250 = -2*g, 377 = 3*g - 3*p + p. Let n be (-3 + 2)*3 + (g - 2). Let l = 315 - n. What is the units digit of l?
3
Let y(b) = 1153*b + 37. Let x be y(2). Suppose 3*t - 1121 = -3*a + 637, 3*a = -4*t + x. What is the units digit of t?
5
Suppose -9*g + 28345 = -4*g - 5*o, 0 = -g - 4*o + 5679. What is the tens digit of g?
7
Suppose 23*o + 296 = 31*o. Let k = o + -33. Suppose k*x - 608 = -4*l, 2*x - 759 = -5*l - 2*x. What is the units digit of l?
1
Let j be 9/3 + 24/(-3). Let z(b) = b + 5. Let r be z(j). Suppose -f - f + 86 = r. What is the tens digit of f?
4
Let s be -1 - (94/(-18) + (-6)/(-27)). What is the tens digit of 7/(261/(-66) + s)?
5
Let p(q) = q**3 + 26*q**2 + 7*q - 61. Let x(g) = -3*g**2 + 67*g - 46. Let w be x(22). What is the hundreds digit of p(w)?
9
Let n be (-3)/(-2 + 5)*-1747. Suppose 12*u - 257 - n = 0. What is the units digit of u?
7
Let g(j) = 25*j + 24. Let q(a) = -47*a - 49. Let n(b) = -5*g(b) - 2*q(b). Suppose 2*x = -3*f - 7, 4*f - 47 = 4*x - f. What is the hundreds digit of n(x)?
2
Let l = 80 + -78. Suppose 0 = -l*c - 5*p + 11, -5*c + 4*p + 5 = -6. Suppose 464 = 3*g - 4*o, 5*g - o - 760 = c*o. What is the hundreds digit of g?
1
Suppose 4*g = -24, -64*g + 65442 = 3*s - 63*g. What is the ten thousands digit of s?
2
Suppose -214108 = -5*z - 2*n, 171320 = 9*z - 5*z - 4*n. What is the tens digit of z?
2
Let s be 422/(-8) + 1/(-4). Let b = -2348 - -2471. Let v = b + s. What is the tens digit of v?
7
Let o(w) = -8955*w - 9807. What is the thousands digit of o(-7)?
2
Let d(q) = -201*q + 18. Let w be (11 - 3)/2 + -7. What is the hundreds digit of d(w)?
6
Let k = -163 - -193. What is the units digit of k/(-165) - 13556/(-22)?
6
Let m(c) = -c**3 + 42*c**2 + 77*c - 90. What is the hundreds digit of m(36)?
4
Let z(b) = -4*b**3 + 2*b**2 - 15*b + 7. Let f = 440 - 446. What is the hundreds digit of z(f)?
0
Suppose 2*d = c - 18, -d + 2*d = 4*c - 79. Let v = c + -24. What is the units digit of 56 - ((-24)/v + -3)?
3
Let n be (34/3)/((-6)/72). Let s = n - -255. What is the tens digit of s?
1
Let c(t) = -2*t**2 + 54*t + 4. Let h be c(27). Let w be 2 - (1*-2)/(-1). Suppose h*p = -s - w*s + 85, 3*p = s + 55. What is the units digit of p?
0
What is the thousands digit of (-360)/100*(-15)/6*489?
4
Suppose -q + x = -77, 4*x = -x + 15. Suppose -5*a = -615 + q. Suppose -293 + a = -6*g. What is the tens digit of g?
3
Let i(d) = -134*d - 30. Suppose -5*z = 5*k + 50, 0 = -15*z + 17*z - 4*k + 2. What is the tens digit of i(z)?
0
Let t(l) = 7*l**2 + 8*l - 146. What is the units digit of t(19)?
3
Suppose 7*q - 9 - 5 = 0. What is the units digit of (5389/68)/(q - 47/24)?
2
What is the thousands digit of (-132)/(-63) + -2 + (-4236343)/(-1407)?
3
Let n(z) = z + 4. Let m be n(-2). Suppose -714 = -4*l - m*a, 281 + 61 = 2*l + 4*a. What is the hundreds digit of l?
1
Suppose 2*d + 301 = 2*z - 3509, 2*d = -6*z + 11446. Suppose z = 18*u - 3133. What is the tens digit of u?
8
What is the units digit of 14/(-266) - (-2019855)/57?
6
Suppose -2*n = 3*k - 615, -3*n + 2*n = -3. Let w be k + (-6 - -3) + 4. Suppose -3*l - 60 = -q - 2*l, -3*q + w = 5*l. What is the tens digit of q?
6
Suppose 3*d - 6 = -4*r + 47, -4*d + 66 = 3*r. What is the tens digit of 5 + 10/d*1917?
8
Let d be (2 + 42/(-12))/(6/(-32)). Let h be ((-1)/4)/(d/(-96))*116. Suppose -2*c - h = -5*c + 3*q, -c - 2*q = -128. What is the units digit of c?
0
Suppose 59*p - 131*p + 140472 = 0. What is the thousands digit of p?
1
Suppose 0 = -4*l + 6*l - 8. Suppose 2076 = 5*y - 2*r, -94 = -l*y + 5*r + 1560. Suppose -131*q + y = -129*q. What is the tens digit of q?
0
Let d(g) = -g - 6. Let k be d(8). Let l(j) = j**2 + 15*j + 44. Let m be l(k). Suppose 34*n - 732 = m*n. What is the tens digit of n?
8
Let p(i) be the second derivative of -4*i**3/3 - 8*i**2 - 3*i. Let u be p(-15). Let k = 149 - u. What is the tens digit of k?
4
Let a = -7006 + 16043. What is the hundreds digit of a?
0
Let r = -99 - -106. Let x = 59 + r. What is the units digit of x?
6
Let j be 12/10*4*30/48. Let k = 6 - j. Suppose -5*g = 2*n - 298, -4*g + 224 = k*n - 5*n. What is the tens digit of g?
5
Let i(o) = 306*o**2 - 101*o + 200. What is the units digit of i(2)?
2
Let z(r) = -r**3 - 61*r**2 - 140*r - 285. What is the units digit of z(-59)?
3
Let g be (-2)/11 - (-2304)/(-396). What is the units digit of 28 + 0 + g - -3?
5
Let w = 17518 - 11118. What is the thousands digit of w?
6
Suppose 38*y = 31*y + 385. What is the hundreds digit of 111/(((-66)/y)/((-16)/10))?
1
Suppose 0 = -4*l - 2*q + 10, l + 3*q = 8*q + 19. What is the units digit of (5 - 1 - 8)/(l/(-64))?
4
Let t(u) = u**3 + 7*u**2 + u + 9. Let p be t(-7). Suppose 0 = l + p*l - 30. Suppose -5*c = -l*c + 170. What is the units digit of c?
4
Let b(n) = 4*n**2 - 130*n - 67. Let f be b(33). What is the hundreds digit of f/(8056/(-4024) + 2)?
5
Let o be (3 - 4/4)*(-6)/(-3). Suppose -o*x = -0*y - 2*y - 52, 39 = 3*x - y. What is the tens digit of 20/130 + 791/x?
6
Let r = 3 + -2. Let j be (-5 - r)/((-1)/(-97)). What is the units digit of j/(-10) - (-20)/25?
9
Let m = 56 + -52. Suppose s = 4*i - i - 8, -3*i + 5 = -m*s. What is the tens digit of ((0 + s)*97/1)/1?
9
Let t(q) = q**3 - 9*q**2 - 10*q - 9. Let p be t(10). Let j be 18/4 + (-6)/(p - 3). Suppose 0 = c, 0 = -j*w + 4*c - 310 + 1115. What is the units digit of w?
1
Let j(d) = 2992*d - 6183. What is the tens digit of j(20)?
5
What is the ten thousands digit of 11115/(9/324*28 - 6/(-27))?
1
Suppose 15 = -90*n + 95*n. Let p(x) = 35*x**2 - 3*x + 21. What is the tens digit of p(n)?
2
Let g = 1 - -41. Let p = -39 + g. Suppose -5*y - 167 - 310 = -p*n, 5*y - 159 = -n. What is the units digit of n?
9
Let d be (-1 + -3)/(-12) - 791/(-21). What is the tens digit of d/(-399) + ((-84970)/(-42) - -3)?
2
Let z = 1340 + -710. Let v = z - -483. What is the tens digit of v?
1
Suppose 7*s - 4*s = 6, -3*s - 21652 = -2*p. What is the thousands digit of p?
0
Let q(i) = 439*i**2 + i + 1. Let w be q(-1). Let z =